 7466. Let z = w + 971. What is the units digit of z?
6
Suppose 5*a - 17 = 3*s, 4*s - 4*a + a = -8. Let j be (-4)/(-16)*0 - s*-17. Suppose -5*g + 373 = -j. What is the tens digit of g?
7
Let b = -32 - -32. Suppose b = c - 8 - 1. What is the units digit of 25/(-225) - (-1423)/c?
8
What is the ten thousands digit of -670 + 22529 - -9*3?
2
What is the tens digit of 1/(-3)*(803126/(-6) + 24/72)?
1
Suppose 2*h + 58 = 3*g - 98, 4*g = 5*h + 390. Let m = h - -243. What is the hundreds digit of m?
1
Let a(u) = 8*u**2 + 118*u + 483. What is the tens digit of a(-60)?
0
Suppose -3*o - d = 2*d - 87, -2*d + 24 = o. Suppose -6*k = -44 - o. Suppose 35 = -8*f + k*f. What is the units digit of f?
7
Suppose -29856 = -4*n + 2*p + 115806, -3*p - 72837 = -2*n. What is the units digit of n?
4
Let n(k) = -4*k - 115. Let b be n(-30). Suppose -b*q + 755 = -3225. What is the hundreds digit of q?
7
Let r be (9/(-6))/(-1)*8/3. Suppose 3*y = -k + 78, y - 25 = r*k - 12. What is the units digit of -4 - (0 - 2 - y)?
3
What is the tens digit of (3 - 35/(-10))*(-16 + 6468)?
3
What is the thousands digit of 27355/5 - 1/(8/2 - 5)?
5
Suppose 3*x = f + 4*x, 0 = -4*f - 5*x - 5. Suppose 643 = 3*p - 5*t, -f*p - 2*t + 1085 = 3. What is the units digit of p?
6
Suppose -2*i = -2*y + 12, -4*y + i - 4*i + 3 = 0. Suppose -2*x - 104*b = -103*b, -3*x + 13 = -5*b. What is the units digit of x/(-1 + (y - (-75)/(-39)))?
3
Let n be 2*3/6 + 91. Let f = -78 + n. Let c = -4 + f. What is the units digit of c?
0
Let u be 2286/12*(-4)/6. Suppose 550 = 4*r - 266. Let g = r + u. What is the units digit of g?
7
Suppose 5*u = w - 498 - 23838, -3*w + 5*u + 72958 = 0. What is the thousands digit of w?
4
Suppose 33*p = -121*p + 233*p - 3141119. What is the hundreds digit of p?
7
Suppose -239*q + 4409822 + 6694207 + 1837343 = 0. What is the units digit of q?
8
Let a be 4/2*-1 + 54 + -29. Let l = a + 54. Let d = 121 - l. What is the units digit of d?
4
Suppose -3*i - t = -27, 45*i - 2*t - 27 = 42*i. Suppose -i*y - 2244 = -12*y. What is the units digit of y?
8
Let r = 10375 + -5799. What is the hundreds digit of r?
5
Suppose 729 + 375 = x - 388. What is the tens digit of x?
9
Suppose 102*u - 99*u - 351 = 0. Let j = -104 + u. Suppose 6*z = j*z - 1225. What is the tens digit of z?
7
Let a = 757 - 422. Suppose -5*o = -a - 490. What is the tens digit of o?
6
Let b = 3891 + -1393. What is the units digit of b?
8
Let y(z) = 6*z**2 - 41*z - 16. Let h = -660 + 668. What is the units digit of y(h)?
0
Let f(s) = 143*s + 29. Let y be f(12). Suppose 7*o - y - 495 = 0. Suppose 2*n - o = -2*h, 5*h + 4*n - 172 = 4*h. What is the units digit of h?
6
Suppose 4*j = 0, 0 = -5*h + 4*j + 617 + 133. What is the hundreds digit of (342/4)/(15/h) + 2?
8
Let l be 480 - 0/(-1 - 1). Let a = 5948 - 5943. Suppose 5*x = -4*z + l, 4*x + 125 = 5*x - a*z. What is the tens digit of x?
0
Let b(v) = 136*v - 14. Let h = 27 - 24. What is the units digit of b(h)?
4
Let l(r) = 1885*r**2 + 10*r + 30. What is the thousands digit of l(-3)?
6
Let r be 4/18 + (-920)/90. What is the units digit of ((-1244)/r)/(58/145)?
1
Suppose 1 = -5*j - 5*t + 31, 3*j = t + 14. Suppose -3*r = -6*w + j*w - 869, 4*w = -r + 307. What is the tens digit of r?
9
What is the thousands digit of (-42)/3 + 13 + 2909?
2
Suppose -11*k = -5*k - 78. Suppose -7*n - 1284 = -k*n. What is the tens digit of 1/((-3 - -2)*1) + n?
1
Let n be (-60)/8*(-414)/(-15). Let w = n - -380. What is the units digit of w?
3
Let q(r) = -r**3 - 9*r**2 - 10*r - 16. Let w be q(-8). Suppose w*i + i = 0. What is the tens digit of (0 + -18 - i)*(2 + -6)?
7
Suppose 0 = -n + 3*a + 9, 9*a - 12*a = 5*n - 9. Suppose n*m + 298 = 5*u - 677, -5*m - 975 = -5*u. What is the units digit of u?
5
Let b(c) = c**2 + 11*c + 9. Let j(a) be the second derivative of -a**3/3 - 27*a**2/2 - 6*a. Let g be j(-16). What is the tens digit of b(g)?
8
Let b(x) = x**3 + 4*x**2 + 8*x + 1. Let q be b(-3). Let c(p) = 4 - 13*p**2 + 16 - p**3 - 2. What is the units digit of c(q)?
4
Suppose -5*v = -2*s + 119 - 4, 5*s - 5*v = 295. Suppose i - s - 320 = 0. What is the hundreds digit of 1/(i/(-127) + 3)?
1
Let i = 0 - -2. Suppose z = x - 23 - 1, 0 = -5*z + i*x - 129. Let o = 124 + z. What is the tens digit of o?
9
What is the tens digit of (32052/24)/(4 + -6 - 42/(-20))?
5
Let r be ((-74)/4 - -2)*(-4)/(-3). Let z = r + 42. What is the units digit of (-4 + -1)/((-50)/z)?
2
Let j(a) = -383*a + 588. What is the units digit of j(-17)?
9
Suppose 0 = -42*g - 517967 + 1403117. What is the thousands digit of g?
1
Let v(t) = 8*t**2 - 3*t + 621. What is the thousands digit of v(34)?
9
What is the ten thousands digit of -3 - (-667232)/48 - 2/(-6)?
1
Let f be ((-8)/18)/((-8)/72) + -2. Suppose -18*g + 13*g = -5, 5*g = f*i - 651. What is the hundreds digit of i?
3
Suppose -3*o = q + 737, 4 = 2*o - 3*o. Let w = 2225 + q. What is the units digit of w?
0
Let v = 68 + -67. Suppose -2*o = -2, -v - 11 = 2*r - 4*o. What is the units digit of r*(-3)/12 - -73?
4
Suppose 9*a + 18 = 63. What is the tens digit of a + -7 - -6 - -1534?
3
Let k(l) = -l**2 - 32*l + 12. Let t(u) be the first derivative of 7*u**2/2 + 47*u - 32. Let o be t(-10). What is the tens digit of k(o)?
1
Suppose 9 = -3*o - 0*o, 3*o = -s - 3. Suppose 720 = s*i - 438. What is the tens digit of i?
9
Let s(c) be the first derivative of 4*c**3/3 - c**2/2 - 105*c - 83. What is the hundreds digit of s(9)?
2
Let s(q) = q**3 - 2*q**2 + 2. Let g be s(2). Suppose -g = c + 39. Let d = 66 + c. What is the tens digit of d?
2
Suppose 4*i - 59 = k + 2*k, 80 = 5*i - 5*k. Let a(y) = -2*y + 79. What is the tens digit of a(i)?
5
Let s = 63190 + -35585. What is the tens digit of s?
0
Suppose -5*d + 19*d = 61614. What is the tens digit of d?
0
Let a = 9 - 13. Let m = 7 + a. Suppose 5*v - 2*i = 281, -2*v - 3*v + m*i + 284 = 0. What is the tens digit of v?
5
Let q be (-9)/21 - (-6 - 12030/42). Let k = 432 - q. What is the tens digit of k?
4
Let k(j) = 98*j**2 - 120*j - 30. What is the units digit of k(-7)?
2
Let v(z) = -z**2 - 13*z - 47. Let q be v(-7). What is the tens digit of (-8686)/(-129)*(-1 + q/(-2))?
0
Suppose 5*s - 35220 = -5*z, 309*z + 4*s = 307*z + 14078. What is the thousands digit of z?
7
What is the ten thousands digit of ((-620)/2)/((-5484)/274 - -20)?
2
Let q(m) = -m**3 + 45*m**2 - 46*m + 94. Let h be q(44). What is the units digit of -3 - (-4 - h) - -86?
3
Suppose -11*j = -8*j - 12. Let p be (-4 - j/(-3))*(-4 + 1). Let y = p - -10. What is the tens digit of y?
1
Suppose -5*c = -2*k - 63762, 3*k - 16635 = -c - 3869. What is the tens digit of c?
5
Let o be -8 + -6 + 20/4. What is the units digit of (-21)/(-14)*(-456)/o?
6
What is the units digit of (4 + 6/(120/(-55)))/((-19)/(-34352))?
0
Suppose v + 6*k + 0*k = 1113, 2*v = 2*k + 2184. Suppose 539 = 2*g + 3*y, 5*g - 3*y = -212 + 1612. Suppose -7*s + v = -g. What is the tens digit of s?
9
Suppose -38752 = -15*u - 5962. Suppose -44*v - u = -47770. What is the thousands digit of v?
1
Let c(s) = -2*s + 10. Let u be c(6). What is the tens digit of ((-3)/((-12)/(-130)))/(u/20)?
2
Suppose -p - 21 = 3. Let v(u) = 50*u**3 - 6*u**2 - 8*u - 2. Let s be v(-1). Let q = p - s. What is the units digit of q?
6
Let d(n) be the first derivative of 11*n**3/3 - 4*n**2 + 49*n - 2. What is the tens digit of d(5)?
8
Let w be (0 - (4 - 2))*8. Suppose 9*o = -18 - 36. What is the tens digit of o/8 - 102/w*2?
1
Suppose 2*g + 3*w + 2*w = 1221, 0 = 3*g + w - 1812. Suppose 965 + g = 7*f. What is the tens digit of f?
2
Let v be (12 - 6)/(-1 - -2). What is the units digit of -2 + v + (0 - 305)/(-1)?
9
Let v = 15108 + -2922. What is the ten thousands digit of v?
1
Suppose 0 = -1065*v + 1036*v + 141578. What is the thousands digit of v?
4
Suppose -110*k + 113*k = 1503. Suppose -5*x = 3*t - k, -7*t + 2*t + x + 835 = 0. What is the units digit of t?
7
Let w(m) = -109*m - 94. Suppose 28*t = 24*t - 24. What is the units digit of w(t)?
0
Suppose 4*a + 5*s = 18625, 337 = a + 4*s - 4322. What is the units digit of a?
5
Let l(g) = 6*g**3 - 8*g**2 + 21*g - 11. Let v be l(5). Suppose -5*t + 1020 = 4*x - 602, 0 = 2*t + 4*x - v. What is the hundreds digit of t?
3
Let b be 8/16 - 158/(-4). Suppose -44*a + b*a = -616. What is the tens digit of a?
5
Suppose t - 14 = 5*j, 0 + 6 = j + 2*t. Let d(z) = -35*z - 3. L